{"id":628,"date":"2012-11-09T11:58:44","date_gmt":"2012-11-09T11:58:44","guid":{"rendered":"http:\/\/www.estudiomusrecords.com\/mus\/?page_id=628"},"modified":"2020-10-17T17:18:20","modified_gmt":"2020-10-17T17:18:20","slug":"xxx","status":"publish","type":"page","link":"https:\/\/estudiocinco.com\/","title":{"rendered":"BIENVENIDOS A ESTUDIO 5"},"content":{"rendered":"<p>Estamos emocionados de poder abrir este espacio web para que nos conozc\u00e1is un poco mejor. Desde la primera experiencia de grabaci\u00f3n en el a\u00f1o 89 hasta ahora hay 5 cosas que hemos visto que se repiten en cada grabaci\u00f3n y nos siguen emocionando tanto o m\u00e1s como el primer d\u00eda.<\/p>\n<p>1. La fase de <strong>SO\u00d1AR<\/strong> con el proyecto, de visualizar hasta d\u00f3nde se puede llegar con tu m\u00fasica.<br \/>\n2. El proceso de <strong>CREAR<\/strong> algo que no exist\u00eda antes y que se le va dando forma y vida mientras grabas.<br \/>\n3. <strong>DISFRUTAR<\/strong> con lo que haces, aunque siempre hay momentos de tensi\u00f3n cuando creas y grabas con un grupo, con el tiempo te acuerdas de lo mucho que disfrutaste en el proceso de creaci\u00f3n.<br \/>\n4. <strong>EMOCIONAR<\/strong>, la m\u00fasica es mucho m\u00e1s que ritmos, acordes y melod\u00edas, tiene la habilidad de hablar al esp\u00edritu de la persona, de llegar al alma, lo que es dif\u00edcil de conseguir con mil palabras, la m\u00fasica es capaz de hacerlo en cuesti\u00f3n de segundos.<br \/>\n5. <strong>COMPARTIR<\/strong> con otros es un momento delicado por miedo a qu\u00e9 pensar\u00e1n de tu m\u00fasica, pero ese acto de valent\u00eda trae muchos momentos de gloria que crean una comunidad alrededor de lo que has creado.<\/p>\n","protected":false},"excerpt":{"rendered":"<p>Estamos emocionados de poder abrir este espacio web para que nos conozc\u00e1is un poco mejor. Desde la primera experiencia de grabaci\u00f3n en el a\u00f1o 89 hasta ahora hay 5 cosas que hemos visto que se repiten en cada grabaci\u00f3n y nos siguen emocionando tanto o m\u00e1s como el primer d\u00eda. 1. La fase de SO\u00d1AR &hellip; <\/p>\n<p class=\"link-more\"><a href=\"https:\/\/estudiocinco.com\/\" class=\"more-link\">Continuar leyendo<span class=\"screen-reader-text\"> \u00abBIENVENIDOS A ESTUDIO 5\u00bb<\/span><\/a><\/p>\n","protected":false},"author":1,"featured_media":795,"parent":0,"menu_order":0,"comment_status":"closed","ping_status":"closed","template":"","meta":{"footnotes":""},"class_list":["post-628","page","type-page","status-publish","has-post-thumbnail","hentry"],"_links":{"self":[{"href":"https:\/\/estudiocinco.com\/index.php?rest_route=\/wp\/v2\/pages\/628","targetHints":{"allow":["GET"]}}],"collection":[{"href":"https:\/\/estudiocinco.com\/index.php?rest_route=\/wp\/v2\/pages"}],"about":[{"href":"https:\/\/estudiocinco.com\/index.php?rest_route=\/wp\/v2\/types\/page"}],"author":[{"embeddable":true,"href":"https:\/\/estudiocinco.com\/index.php?rest_route=\/wp\/v2\/users\/1"}],"replies":[{"embeddable":true,"href":"https:\/\/estudiocinco.com\/index.php?rest_route=%2Fwp%2Fv2%2Fcomments&post=628"}],"version-history":[{"count":4,"href":"https:\/\/estudiocinco.com\/index.php?rest_route=\/wp\/v2\/pages\/628\/revisions"}],"predecessor-version":[{"id":825,"href":"https:\/\/estudiocinco.com\/index.php?rest_route=\/wp\/v2\/pages\/628\/revisions\/825"}],"wp:featuredmedia":[{"embeddable":true,"href":"https:\/\/estudiocinco.com\/index.php?rest_route=\/wp\/v2\/media\/795"}],"wp:attachment":[{"href":"https:\/\/estudiocinco.com\/index.php?rest_route=%2Fwp%2Fv2%2Fmedia&parent=628"}],"curies":[{"name":"wp","href":"https:\/\/api.w.org\/{rel}","templated":true}]}}